*x**2 + 5*x - 1. Let i be c(-5). Let w = i + -259. List the prime factors of w.
3, 5, 11
Let s(i) = -i**3 - i**2 - 3*i. Let y be s(0). Suppose y = d - 2*v - 183, d + 4*v - 8*v = 177. What are the prime factors of d?
3, 7
What are the prime factors of ((-774)/(-7))/(90/420)?
2, 3, 43
List the prime factors of (-26)/(-169) - (-4)/(-26) - -257.
257
Let g(x) = 2*x**2 - x - 9. What are the prime factors of g(4)?
19
Suppose s - 16 = 5*s, 0 = -2*w - s - 306. Let h = 370 + w. What are the prime factors of h?
3, 73
Let r(p) = 4 + 3*p - 2*p + 5 + 4. Let m be r(-10). Suppose -4*o = -3*l + 108, -5*o + 108 = 3*l - m*o. What are the prime factors of l?
2, 3
Let a be (1 + -5)*(3 + -2)*-1. Suppose -2*q - 2*n = -359 + 109, -q - a*n + 137 = 0. List the prime factors of q.
11
Let h = -261 - -457. List the prime factors of h.
2, 7
Let p(w) = 2*w**3 + 3*w**2 + w - 1. Let h be p(-3). Let i = h - -146. Suppose 5*n + 0*n - i = 0. List the prime factors of n.
23
Let y be 30/(0 + -4 + 6). Let b = -21 + y. What are the prime factors of ((-64)/b)/((-12)/(-36))?
2
Let z = 95 + -15. Suppose 0 = -b + 3*t - 3, 0*b + 5*t = b + 5. Suppose b = 2*d + 2*d - z. List the prime factors of d.
2, 5
Let n(v) = 4*v + 6. Let r be 8 + 7 - (-1 + 1). What are the prime factors of n(r)?
2, 3, 11
Suppose m + 20 = -5*h + 4, -3*h - 3*m = 0. What are the prime factors of ((-122)/h*2)/(1/2)?
2, 61
Let d(w) = w**3 - 11*w**2 - 16*w - 92. List the prime factors of d(20).
2, 797
Suppose -2*s - 2*t = 2*s - 18, -4*t = -s - 9. Let d be (-3 - (-22)/2) + s. Let q = 0 + d. List the prime factors of q.
11
List the prime factors of (3/3)/((-8)/(-5984)).
2, 11, 17
Let i = 2 + -14. Let n = i - -18. Let y(k) = k**2 - 3*k + 5. List the prime factors of y(n).
23
Let r = -79 - -349. What are the prime factors of r?
2, 3, 5
Let z = 83 - 79. Suppose 0*q - 5*h = -z*q + 444, -3*q + 352 = h. What are the prime factors of q?
2, 29
Suppose -6*l = 2*m + m - 1284, 0 = -4*m - 3*l + 1727. What are the prime factors of m?
2, 7, 31
Let a(r) = 5*r**3 - 45*r**2 - 35*r - 53. Let s(y) = -y**3 + 11*y**2 + 9*y + 13. Let o(b) = -2*a(b) - 9*s(b). What are the prime factors of o(-8)?
13
Suppose -3*b + 161 + 31 = 0. Let m = -23 + b. List the prime factors of m.
41
Let n = -41 + 35. Let x(w) = -13*w + 3. What are the prime factors of x(n)?
3
Suppose 2*q + 3*u - 7 = 0, -2*u = 3*q + 3*u - 9. Let c = q + -8. Suppose -5*p + 3 + 7 = c. What are the prime factors of p?
2
Let y = 62 + 103. Let i = y + -66. What are the prime factors of i?
3, 11
What are the prime factors of (3795 - 0) + (-473)/43?
2, 11, 43
Let f = 276 - -1174. What are the prime factors of f?
2, 5, 29
Suppose -8 = -5*v + 12. Suppose 13 = z - 2*z - v*b, 2*b = -2*z - 20. Let w = 5 - z. What are the prime factors of w?
2, 7
Suppose 0 = -269*c + 254*c + 6990. What are the prime factors of c?
2, 233
What are the prime factors of (0 - -541)*(4 - (-4 - -7))?
541
Let l be (-15792)/(-120) - (-3)/(-5). Let c be 1007/(-15) - (-4)/30. Let h = l + c. List the prime factors of h.
2
Let s(r) = -2*r**3 + 2*r - 4. Let u = -15 - -39. Let d = -27 + u. What are the prime factors of s(d)?
2, 11
Suppose 58 = 5*l + o - 76, -o = 2*l - 53. Let m = l + -20. List the prime factors of m.
7
Let i be (2/(-5))/(24/(-600)). Let x = 64 - 124. What are the prime factors of (-48)/i*x/9?
2
Let b = 1116 + 73. List the prime factors of b.
29, 41
Suppose 0 = -3*r + y + 4*y + 4066, r - y = 1354. List the prime factors of r.
2, 13
What are the prime factors of 150*38 + 117 + -128?
5689
Suppose -5*s = -2*p - 623, 3*p + 2*s = -218 - 688. Let v = -208 - p. List the prime factors of v.
2, 3
Let s be (0 - 1) + (133 - -2). Let l(j) = 4*j**2 - 7*j - 1. Let c be l(-4). Let b = s - c. What are the prime factors of b?
43
Suppose 0 = 3*u - 5*u + 3*p + 2286, -4*u - 5*p = -4594. What are the prime factors of u?
2, 3, 191
Let k(u) = 31*u**2 + 6*u + 3. Let d be k(-4). Suppose 0 = -3*j - 2*j + d. Suppose 11*a - 6*a = j. List the prime factors of a.
19
Let p(o) = -o**3 - 16*o**2 - o - 5. Let g be p(-16). Suppose g = -9*b + 1361. What are the prime factors of b?
2, 3, 5
Let b(t) = 3*t + 1. Let l be b(3). Let d = l - 11. Let h(a) = -52*a**3 + a + 1. What are the prime factors of h(d)?
2, 13
Suppose -4*m + 82 = u, 10 = 2*m - 2*u - 36. Let o = m + 24. What are the prime factors of o?
3, 5
Let s(f) = -f**2 - 16*f - 14. Let m be 10*-1*(5 - 4). List the prime factors of s(m).
2, 23
Let r(f) be the second derivative of 7*f**4/6 + f**3/6 + f. Let g(v) = v**3 - v**2 - 2*v + 1. Let k be g(0). List the prime factors of r(k).
3, 5
Let x(l) = -19*l + 3. Let z(v) = 28*v - 4. Let a(c) = 7*x(c) + 5*z(c). Let n be a(-7). Let f = -18 - n. List the prime factors of f.
2, 3, 5
Let q(k) = -70*k - 132. List the prime factors of q(-4).
2, 37
Let s be (24/(-20))/(4/(-1910)). Suppose s = 4*o + 121. What are the prime factors of o?
113
Let t = -15 - -11. List the prime factors of ((-21)/t)/((-33)/(-352)).
2, 7
Let o(t) = 2*t**2 + t. Suppose -2*v + 8 = -n - 3*n, -5*n - 17 = v. Let p be 8/n - (-4)/6. List the prime factors of o(p).
2, 3
Let b(r) = -r**3 - 3*r**2 - 16*r - 6. Let i(o) = 2*o**3 + 2*o**2 + 17*o + 5. Let h(p) = -3*b(p) - 2*i(p). What are the prime factors of h(7)?
2
Let k(w) = 42*w - 75. What are the prime factors of k(11)?
3, 43
Suppose -21*o - o = -440. List the prime factors of o.
2, 5
Let a(i) = -i**3 + 5*i**2 + 16*i - 10. Let b be a(7). List the prime factors of (3/2)/(b/112).
2, 3, 7
Suppose 5*w + 25 = -15. Let j = -8 - w. Suppose -2*g - 2*h + 7*h = -40, j = g + 3*h + 2. List the prime factors of g.
2, 5
Let h(c) = -5*c**3 - 2*c**2 - 3*c - 3. Let t be h(-2). Let o be 1*5/(5/(-7)). Let w = t - o. What are the prime factors of w?
2, 3, 7
Let y(r) = -5*r**3 - 8*r**2 - 5*r + 5. List the prime factors of y(-5).
5, 7, 13
Suppose 5*l + 10 + 5 = 5*y, 2*y - 14 = -2*l. Suppose -4*n + 2 = -u, -2*u = 3*n + 2*n + 4. Suppose n = -l*r + 3*r - 49. List the prime factors of r.
7
Let n = 530 - 352. Suppose 2*i = c + n, 265 = 4*i - i - c. What are the prime factors of i?
3, 29
Let d be -1165*(-1)/2*(-11 + 13). Suppose -m + 6*m = d. What are the prime factors of m?
233
Suppose -3*b + 4 = 7. Let n = b + 3. Suppose -2*j - n*s + 29 = -s, 5*s = 5. What are the prime factors of j?
2, 7
Suppose -10711 + 2551 = -10*d. List the prime factors of d.
2, 3, 17
Let t(w) = -3*w**3 - 5*w**2 + 5*w. Let s(r) = r**3 + r. Let a be ((-2)/4)/((-2)/(-8)). Let u(v) = a*s(v) - t(v). List the prime factors of u(-6).
2, 3
Let c(i) = 7*i**3 - 2*i**2 + i + 2. Let z be c(2). Suppose -5*f + 2*t - 87 = 0, 3*t + z = -2*f + 21. Let u = f + 48. List the prime factors of u.
31
Suppose 2*j = -44 + 220. Suppose d - 3*d = -4*r - 188, -4*r + j = d. What are the prime factors of d?
2, 23
Let y(d) = -d**3 - 20*d**2 - 99*d + 9. What are the prime factors of y(-20)?
3, 13, 17
Suppose 25*d - 29*d = 4*r - 3108, -5*d + 2*r + 3913 = 0. List the prime factors of d.
11, 71
Suppose 3*w + 213264 = 51*w. List the prime factors of w.
3, 1481
Suppose -t + 3 = -0*t. Suppose -d - 3*d = 4*l - 108, 0 = t*l + d - 73. Suppose -5*g + 92 = -l. What are the prime factors of g?
23
Suppose -18*r + 21*r - 2904 = 0. Suppose -4*t = -12*t + r. What are the prime factors of t?
11
Suppose 373 - 21 = 16*d. What are the prime factors of d?
2, 11
Let o(q) = 7*q**2 + q. Let v be o(-1). Suppose -w = -v*w + 500. Suppose -4*a = a - w. List the prime factors of a.
2, 5
Let w(l) = -712*l - 820. List the prime factors of w(-7).
2, 3, 347
Suppose 25368 = 23*g + 1264. List the prime factors of g.
2, 131
Let n = 2046 - 1202. What are the prime factors of n?
2, 211
Let l(f) = f**3 - f**2 - 4*f + 1. Suppose 8 = 3*m - 7. Suppose i + m*h = 14, 4*i + 0*h = 3*h + 10. What are the prime factors of l(i)?
3, 11
Let w = 1025 + -505. List the prime factors of w.
2, 5, 13
Let s = -4 + 9. Let f = -494 - -758. Suppose f = s*o + o. What are the prime factors of o?
2, 11
Let o be (-847)/(-4) + (-33)/44. Let i = o + -141. List the prime factors of i.
2, 5, 7
Let s = 158 - 86. Suppose 4 = 2*a - s. What are the prime factors of a?
2, 19
Let b = 24 + 85. Suppose 4*i - 79 = b. What are the prime factors of i?
47
Let p(i) = -1 - i**2 + 4*i**2 - 6*i**2 + 2 + i**3 - 3*i. Let d be p(4). Suppose 0 = -h - 5, d*f = -5*h + 54 + 106. List the prime factors of f.
37
Let b